r of 60?
True
Is 84 a multiple of 4?
True
Is 607 a multiple of 3?
False
Is 10420 a multiple of 20?
True
Does 6 divide 2667?
False
Is 80 a factor of 1936?
False
Is 3 a factor of 427?
False
Is 471 a multiple of 15?
False
Is 2695 a multiple of 35?
True
Does 8 divide 14742?
False
Does 25 divide 19549?
False
Is 18 a factor of 2968?
False
Is 1309 a multiple of 7?
True
Does 35 divide 1968?
False
Is 24 a factor of 11402?
False
Does 187 divide 10275?
False
Is 18 a factor of 11628?
True
Is 23894 a multiple of 29?
False
Does 7 divide 49817?
False
Does 87 divide 26970?
True
Does 71 divide 6152?
False
Does 13 divide 750?
False
Is 213 a factor of 108204?
True
Is 20 a factor of 1640?
True
Is 21 a factor of 9424?
False
Is 1464 a multiple of 6?
True
Does 22 divide 1772?
False
Does 56 divide 2296?
True
Is 2976 a multiple of 93?
True
Does 10 divide 8830?
True
Is 97 a factor of 7424?
False
Is 1069 a multiple of 24?
False
Is 891 a multiple of 81?
True
Does 31 divide 1220?
False
Is 2016 a multiple of 8?
True
Is 2968 a multiple of 77?
False
Is 1122 a multiple of 34?
True
Is 9 a factor of 20007?
True
Is 13 a factor of 2327?
True
Does 16 divide 10576?
True
Does 98 divide 38024?
True
Does 10 divide 3639?
False
Is 16 a factor of 320?
True
Does 194 divide 8342?
True
Does 15 divide 1895?
False
Does 13 divide 793?
True
Is 145596 a multiple of 44?
True
Is 2161 a multiple of 57?
False
Is 1805 a multiple of 18?
False
Does 50 divide 110300?
True
Is 10 a factor of 13550?
True
Is 72 a factor of 13548?
False
Is 15245 a multiple of 8?
False
Is 890 a multiple of 39?
False
Is 5 a factor of 607?
False
Is 11 a factor of 21813?
True
Is 5928 a multiple of 24?
True
Is 12 a factor of 94548?
True
Is 17 a factor of 1374?
False
Is 60 a factor of 11588?
False
Does 60 divide 121380?
True
Does 27 divide 567?
True
Is 162 a factor of 7938?
True
Is 6029 a multiple of 10?
False
Is 44 a multiple of 44?
True
Is 398 a multiple of 4?
False
Is 25434 a multiple of 9?
True
Does 45 divide 46383?
False
Is 198 a factor of 80289?
False
Does 21 divide 7086?
False
Does 37 divide 1665?
True
Does 3 divide 1396?
False
Is 15 a factor of 45750?
True
Is 159 a factor of 3129?
False
Does 19 divide 7695?
True
Does 4 divide 21?
False
Does 14 divide 17346?
True
Is 108 a factor of 2882?
False
Does 33 divide 47837?
False
Is 16 a factor of 24128?
True
Is 333 a multiple of 3?
True
Does 67 divide 2948?
True
Does 11 divide 1199?
True
Does 54 divide 8773?
False
Is 1011 a multiple of 72?
False
Does 3 divide 738?
True
Does 35 divide 1015?
True
Does 4 divide 3999?
False
Is 159 a factor of 23691?
True
Does 26 divide 6110?
True
Does 18 divide 2286?
True
Is 55 a factor of 100155?
True
Is 11 a factor of 1635?
False
Is 12 a factor of 36276?
True
Does 27 divide 6696?
True
Does 7 divide 779?
False
Is 910 a multiple of 26?
True
Does 24 divide 509?
False
Does 11 divide 1056?
True
Is 13 a factor of 51986?
False
Is 24377 a multiple of 186?
False
Is 5 a factor of 485?
True
Is 58 a multiple of 14?
False
Does 127 divide 20955?
True
Does 5 divide 335?
True
Does 140 divide 38220?
True
Is 5 a factor of 487?
False
Does 64 divide 4057?
False
Does 8 divide 6321?
False
Does 40 divide 47440?
True
Is 41 a factor of 9594?
True
Is 66 a multiple of 4?
False
Is 543 a multiple of 20?
False
Is 36 a multiple of 5?
False
Is 17 a factor of 10497?
False
Does 59 divide 43356?
False
Is 9 a factor of 13016?
False
Does 19 divide 152?
True
Is 27 a factor of 687?
False
Is 47 a factor of 442?
False
Is 41 a factor of 5199?
False
Does 17 divide 704?
False
Does 19 divide 436?
False
Is 126 a factor of 1380?
False
Is 139 a factor of 32398?
False
Does 17 divide 3128?
True
Is 2712 a multiple of 113?
True
Is 4603 a multiple of 38?
False
Does 53 divide 159?
True
Is 14087 a multiple of 56?
False
Is 45 a factor of 20385?
True
Is 130 a factor of 17290?
True
Is 2205 a multiple of 13?
False
Is 17 a factor of 14246?
True
Is 290 a multiple of 10?
True
Is 347 a factor of 47134?
False
Is 28 a factor of 1792?
True
Is 14 a factor of 266?
True
Does 7 divide 8015?
True
Does 90 divide 43580?
False
Does 6 divide 54?
True
Is 1197 a multiple of 57?
True
Is 854 a multiple of 14?
True
Does 167 divide 1111?
False
Is 10 a factor of 250?
True
Is 454 a multiple of 26?
False
Is 56 a factor of 48048?
True
Is 114 a factor of 37734?
True
Does 3 divide 428?
False
Does 15 divide 180?
True
Is 4847 a multiple of 114?
False
Is 89 a factor of 2759?
True
Is 15 a factor of 1412?
False
Is 70 a multiple of 8?
False
Does 111 divide 24477?
False
Is 50 a multiple of 3?
False
Is 6000 a multiple of 30?
True
Is 88 a factor of 88?
True
Is 4679 a multiple of 52?
False
Does 4 divide 6721?
False
Does 2 divide 369?
False
Does 252 divide 69195?
False
Is 14296 a multiple of 8?
True
Is 543 a multiple of 8?
False
Does 109 divide 144?
False
Is 225 a multiple of 5?
True
Is 267 a factor of 46458?
True
Is 17 a factor of 19805?
True
Is 83838 a multiple of 53?
False
Does 66 divide 1382?
False
Is 31 a factor of 49699?
False
Does 14 divide 78?
False
Does 93 divide 3995?
False
Does 14 divide 756?
True
Is 1120 a multiple of 16?
True
Does 78 divide 2574?
True
Does 30 divide 3210?
True
Is 157 a factor of 13137?
False
Does 27 divide 404?
False
Does 23 divide 23?
True
Is 7843 a multiple of 31?
True
Does 9 divide 2718?
True
Does 70 divide 61023?
False
Is 73 a factor of 14001?
False
Is 2 a factor of 38?
True
Does 167 divide 17535?
True
Does 25 divide 25?
True
Is 14 a factor of 2164?
False
Does 10 divide 1080?
True
Does 24 divide 28632?
True
Does 7 divide 463?
False
Is 24 a factor of 1080?
True
Is 167040 a multiple of 48?
True
Is 7711 a multiple of 6?
False
Is 16021 a multiple of 37?
True
Does 26 divide 130?
True
Does 22 divide 448?
False
Does 9 divide 335?
False
Is 19 a factor of 63247?
False
Does 25 divide 50?
True
Does 23 divide 9874?
False
Does 17 divide 712?
False
Is 66 a factor of 1518?
True
Is 4674 a multiple of 82?
True
Does 9 divide 8981?
False
Does 2 divide 1234?
True
Is 89 a factor of 1602?
True
Is 9 a factor of 12114?
True
Does 37 divide 304?
False
Is 7 a factor of 588?
True
Is 63 a factor of 16285?
False
Is 5170 a multiple of 5?
True
Does 55 divide 97818?
False
Does 102 divide 8634?
False
Is 7208 a multiple of 49?
False
Is 10 a factor of 48580?
True
Is 3 a factor of 89?
False
Is 1298 a multiple of 22?
True
Is 40 a factor of 1680?
True
Does 6 divide 2953?
False
Is 6705 a multiple of 171?
False
Is 8 a factor of 196?
False
Is 20 a factor of 451?
False
Is 96 a factor of 2991?
False
Is 54 a factor of 30087?
False
Does 24 divide 826?
False
Is 707 a multiple of 26?
False
Does 62 divide 13518?
False
Is 13 a factor of 1800?
False
Is 166 a factor of 21117?
False
Is 8 a factor of 391?
False
Does 23 divide 5198?
True
Is 45 a factor of 41760?
True
Is 16 a factor of 66920?
False
Does 22 divide 820?
False
Is 2073 a multiple of 27?
False
Is 36 a factor of 987?
False
Is 11 a factor of 13101?
True
Is 5950 a multiple of 34?
True
Is 26910 a multiple of 150?
False
Does 128 divide 2075?
False
Does 13 divide 4037?
False
Does 31 divide 5489?
False
Does 9 divide 1042?
False
Is 343 a multiple of 119?
False
Is 17 a factor of 2074?
True
Does 17 divide 14025?
True
Is 2 a factor of 143?
False
Does 51 divide 95523?
True
Does 16 divide 464?
True
Does 11 divide 102286?
False
Is 4 a factor of 231?
False
Is 337 a factor of 53944?
False
Is 8 a factor of 2967?
False
Is 101 a factor of 9108?
False
Does 69 divide 690?
True
Does 126 divide 347?
False
Is 2541 a multiple of 6?
False
Is 595 a multiple of 17?
True
Is 380 a multiple of 58?
False
Does 30 divide 765?
False
Is 22 a factor of 3811?
False
Does 29 divide 11893?
False
Does 13 divide 36712?
True
Is 2713 a multiple of 12?
False
Does 5 divide 28880?
True
Is 9988 a multiple of 10?
False
Is 3168 a multiple of 11?
True
Is 11 a factor of 4181?
False
Is 25295 a multiple of 118?
False
Is 103476 a multiple of 36?
False
Is 450 a multiple of 9?
True
Is 36246 a multiple of 14?
True
Does 26 divide 416?
True
Does 10 divide 4174?
False
Is 19651 a multiple of 109?
False
Does 18 divide 12042?
True
Is 62580 a multiple of 12?
True
Is 129 a factor of 521?
False
Does 19 divide 596?
False
Does 7 divide 686?
True
Is 10 a factor of 5370?
True
Is 114 a factor of 110466?
True
Is 176 a factor of 155056?
True
Is 13 a factor of 164748?
False
I